 + 129*v - 284. What is the remainder when w(2) is divided by (28/(-6))/(4/(-36))?
16
Let k(b) = 18*b - 21. Let j be k(7). Suppose -2*m - l + 44 = 11, 0 = -5*m + 2*l + j. Calculate the remainder when 139 is divided by m.
6
Suppose 350760 = 2*z + 314*z. What is the remainder when z is divided by 22?
10
Suppose -27*t = -23*t - 3*r - 986, 5*r + 30 = 0. What is the remainder when t is divided by 41?
37
Let o be 20/(-5)*6/(-12). Suppose 6*b = -o*b + 848. Suppose 4 + b = 5*g. What is the remainder when 84 is divided by g?
18
Calculate the remainder when 7725 is divided by (23/(-2))/(6*(-21)/252).
20
Suppose x = 2*a - 176, 3*a - 163 - 79 = -4*x. Let u = -90746 + 90772. What is the remainder when a is divided by u?
8
Let a be 0 - (-1 + 5 + -141). Let m = -74 + a. What is the remainder when m is divided by 13?
11
Let m be (-1*3)/((-21)/(-56)). Let x = 447 - 444. What is the remainder when (36/m)/((-3)/4) is divided by x?
0
Suppose -4*o = -j - 708, -6*o - j + 172 = -5*o. Calculate the remainder when o is divided by 17.
6
Calculate the remainder when (-123218)/(-30) + 68/(-255) is divided by 17.
10
Let r(s) = s**3 + 14*s**2 + 14*s + 15. Let q be r(-13). Let v be 61/5*(3 + q). Let j = -33 + v. What is the remainder when j is divided by 15?
13
Suppose 0 = -16*b - 46*b + 2728. Calculate the remainder when 362 is divided by b.
10
Let d(h) = 2*h**3 - 5*h**2 - 7*h + 12. What is the remainder when d(6) is divided by (7 - -1)*(3 - 2)?
6
Let t = -46 - -46. Suppose t = 5*z + 4*c, -z - z + 3*c = 0. What is the remainder when 91 is divided by -3 + 6 + z + 43*1?
45
What is the remainder when -380*((-196)/(-14) - 15) is divided by 149?
82
Suppose 346*v - 30629 = 25769. Calculate the remainder when 175 is divided by v.
12
Suppose 0*c - 5*c + 140 = -q, -c - 3*q = -12. Let p = -35712 + 35787. Calculate the remainder when p is divided by c.
21
Suppose l - 231 = -b, -2*b + l = -b - 231. Suppose 147 - 3 = 4*f. Suppose f = 44*u - 42*u. What is the remainder when b is divided by u?
15
Let q be (-6)/12 + 343/2. Suppose 0 = 5*j + 15, 0 = 3*z + 5*j - 11 - 10. What is the remainder when 2*6/(-60) - q/(-5) is divided by z?
10
Suppose 1347 = 134*i - 1261 - 2216. Calculate the remainder when i is divided by 8.
4
Suppose 55*f - 1789 - 7153 = -307. What is the remainder when 721 is divided by f?
93
Let n(v) = v**3 + 17*v**2 + 16*v - 5. Let s be n(-16). Let g be (3/s)/(3/(6*-5)). Calculate the remainder when (-2)/(-6) - 641*g/(-18) is divided by 43.
42
What is the remainder when (13 - 8) + 133 - 3 is divided by 46?
43
Suppose 2*s - 5*z - 195 = 0, s - 5*z - 129 + 29 = 0. What is the remainder when 2468 is divided by s?
93
Suppose 215*k = 214*k + 67. Suppose 0 = k*g - 65*g - 74. What is the remainder when g is divided by 14?
9
Suppose 26*d + 336 = 33*d. Calculate the remainder when d is divided by 1*-39*2/(-6).
9
Suppose -2*t + 14 = -g, -34 = -0*t - 4*t + 5*g. Calculate the remainder when 166 is divided by t.
4
Let r(u) = -34*u + 274. Let s be r(8). Suppose -2*x + s*v + 156 = 0, 11*v + 20 = 15*v. What is the remainder when 159 is divided by x?
76
Let p(u) = -204*u + 2665. What is the remainder when 6276 is divided by p(13)?
10
Let u be (-10439)/(-66) + 3/(-18). Suppose -70 = -3*h + u. What is the remainder when h is divided by 40?
36
Suppose i - 590 = -6*w, w - i = -2*w + 292. What is the remainder when 441 is divided by w?
49
Suppose 14*b + 92 = 12*b. Let t = b + 61. Suppose t*h + 110 = 20*h. Calculate the remainder when h is divided by 6.
4
Let n(l) = 87*l - 648. Let z = -676 - -686. Let u(w) = -12*w - 3. What is the remainder when n(z) is divided by u(-4)?
42
What is the remainder when 4 - (-35)/(-5) - (363/(-3) + 4) is divided by 56?
2
Let i = -1482 + 1567. Calculate the remainder when i is divided by 44.
41
Suppose -2*h - 54 = -2*m, -203*m + 207*m - 5*h = 111. Calculate the remainder when 1323 is divided by m.
3
Let j be (150/200)/(2/(-16)). Calculate the remainder when 190 is divided by 395/8 - ((-255)/(-40) + j).
43
Let c(p) = 487*p**2 + 100*p + 2. Calculate the remainder when c(-1) is divided by 96.
5
Suppose 16*d + 2548 + 5276 = 0. Let p = d - -498. What is the remainder when 44 is divided by p?
8
Suppose -4*k = -4*n - 156, -3*n - 8*k - 125 = -3*k. What is the remainder when 135 is divided by (-52)/n*34 + (-2)/10?
3
What is the remainder when 3526 is divided by (-3762)/(-228)*56/22?
40
Let t = 20 - 18. Suppose 0 = j - 24 - t. Let o(c) = -c**3 + 8*c**2 + 10*c - 5. What is the remainder when j is divided by o(9)?
2
Suppose 55*o - o - 743 = -41. Suppose -2*a = -4*a + 70. Calculate the remainder when 1/1 + (a - -1) is divided by o.
11
Suppose -132*u - 51 = -133*u - 5*c, -4*c = -24. Calculate the remainder when 1026 is divided by u.
18
Suppose 177*r = 188*r - 352. What is the remainder when 299 is divided by r?
11
Suppose 0 = 4*s - a - 3462, -5*s - a + 4323 = -0*a. What is the remainder when s is divided by 44?
29
Let d(t) = t**3 + 8*t + 8292*t**2 - 3*t + 19 - 8283*t**2. Suppose -3*v = -0*v + 18. Calculate the remainder when d(v) is divided by 10.
7
Let z = 365 + -211. Suppose -4*m = 3*y - 102 + 34, -5*m - 132 = -4*y. Calculate the remainder when z is divided by y.
14
Let z be 0 + -2 + -1 - -5. Suppose 76 = -5*h + 2*u, -3*u = -3*h + z*u - 57. Let t = 26 + h. Calculate the remainder when 20 is divided by t.
8
Let k = 13 + -10. Suppose y = 9 - k. Suppose -2*s = -3*w + 55, -3*w + s + 83 = y*s. Calculate the remainder when 80 is divided by w.
17
Calculate the remainder when ((-1220)/(-6) + 1)/((1612/93)/52) is divided by 87.
4
Let m(p) = -2*p**3 - 36*p**2 + 25*p - 220. Suppose 4*x = 4*z + 80, 0*z = -3*z + 3. Calculate the remainder when m(-19) is divided by x.
6
Let u be (-458)/(-2) + 30/15. Let c = -131 + u. Calculate the remainder when c is divided by 52.
48
What is the remainder when 164 is divided by (18/21)/(4/224)?
20
Let a be 1/2*-2*1. Suppose 2*m = -5*y - m + 110, 6*m = -5*y + 95. What is the remainder when 9 is divided by a/(y/(-20))*5?
1
Let y = -4576 - -6880. Calculate the remainder when y is divided by 21.
15
Suppose 0*f - 2*f + 3*y + 207 = 0, -252 = -2*f - 2*y. What is the remainder when 692 is divided by f?
107
Let i(d) = 10*d**2 - 74*d + 17. Calculate the remainder when i(25) is divided by 34.
31
Let t = 60 - 61. Let j = t - -12. Calculate the remainder when j is divided by 3.
2
Suppose 4*v = -4*j + 1164, -137*j - 1156 = -141*j - 2*v. What is the remainder when j is divided by 37?
28
Let t = -2228 - -2228. Let h(b) = -20. Let f(o) = -o - 20. Let y(n) = -3*f(n) + 2*h(n). Calculate the remainder when 38 is divided by y(t).
18
Let a be ((-20)/8)/(-2 - 489/(-246)). Let t = a - 200. Calculate the remainder when 92 is divided by t.
2
Suppose -60*i + 13185 = 1785. Calculate the remainder when i is divided by 60.
10
Let j(o) = 14*o + 1244. Calculate the remainder when j(-58) is divided by 8.
0
Let y(j) = 16*j**3 - j**2 + 249. Calculate the remainder when y(0) is divided by 75.
24
Let t(w) = -16*w. Let x = 7648 + -7639. Calculate the remainder when t(-2) is divided by x.
5
Let p = 294 + -291. Let d(o) = o**2 + 5*o - 4. Let v be d(-7). Suppose -k - 2*k + 2*r = -22, k - v = -2*r. What is the remainder when k is divided by p?
2
Let f(a) = -106*a - 16095. What is the remainder when 23*2 + 0 + 1 is divided by f(-152)?
13
Let i(s) = -157*s - 1168. What is the remainder when 185 is divided by i(-8)?
9
Suppose 4 = -2*l, 5*l = 4*y - 49 - 149. Calculate the remainder when 627 is divided by y.
16
Suppose t + 4*a - 80 = 6*a, -2*t + a = -172. Suppose 2*w + 0*w + 5 = z, -5*z + 2*w + 57 = 0. What is the remainder when t is divided by z?
10
Let u = -15560 + 16646. What is the remainder when u is divided by 17?
15
Let y(a) = 4*a**2 + 356*a - 1756. What is the remainder when 125 is divided by y(5)?
1
Suppose 5*i + 2*f = -10 + 51, 4*i - 43 = -5*f. Suppose -3*t + i*c - 2*c + 25 = 0, -6*c = 5*t - 13. What is the remainder when 87 is divided by t?
2
Suppose 5*u + 613 = 3*t, 8*t + u = 7*t + 191. Suppose -2*y + 4*y - t = 0. What is the remainder when y is divided by 9?
8
Suppose -8 = -2*u, -3*p - u - 2*u = -60. Suppose 116 = -3*d + 2*j - 398, 5*d + 866 = j. What is the remainder when (-2 - 1)*d/18 is divided by p?
13
Let d(o) be the first derivative of -5/2*o**2 - 3*o - 1/4*o**4 + 7/3*o**3 + 4. What 